{"id":283,"date":"2019-06-26T18:33:10","date_gmt":"2019-06-26T18:33:10","guid":{"rendered":"https:\/\/spirola.ch\/SPIROLA_2019\/?page_id=283"},"modified":"2025-05-23T08:44:29","modified_gmt":"2025-05-23T07:44:29","slug":"hardware","status":"publish","type":"page","link":"https:\/\/spirola.ch\/SPIROLA_2019\/dienstleistung\/hardware\/","title":{"rendered":"Hardware Entwicklung"},"content":{"rendered":"\t\t<div data-elementor-type=\"wp-page\" data-elementor-id=\"283\" class=\"elementor elementor-283\" data-elementor-post-type=\"page\">\n\t\t\t\t\t\t<section class=\"elementor-section elementor-top-section elementor-element elementor-element-1c46f356 header_background elementor-section-boxed elementor-section-height-default elementor-section-height-default\" data-id=\"1c46f356\" data-element_type=\"section\" data-e-type=\"section\" data-settings=\"{&quot;background_background&quot;:&quot;classic&quot;}\">\n\t\t\t\t\t\t<div class=\"elementor-container elementor-column-gap-default\">\n\t\t\t\t\t<div class=\"elementor-column elementor-col-100 elementor-top-column elementor-element elementor-element-307c198e\" data-id=\"307c198e\" data-element_type=\"column\" data-e-type=\"column\">\n\t\t\t<div class=\"elementor-widget-wrap elementor-element-populated\">\n\t\t\t\t\t\t<div class=\"elementor-element elementor-element-d7df3b2 header_height elementor-widget elementor-widget-spacer\" data-id=\"d7df3b2\" data-element_type=\"widget\" data-e-type=\"widget\" data-widget_type=\"spacer.default\">\n\t\t\t\t<div class=\"elementor-widget-container\">\n\t\t\t\t\t\t\t<div class=\"elementor-spacer\">\n\t\t\t<div class=\"elementor-spacer-inner\"><\/div>\n\t\t<\/div>\n\t\t\t\t\t\t<\/div>\n\t\t\t\t<\/div>\n\t\t\t\t\t<\/div>\n\t\t<\/div>\n\t\t\t\t\t<\/div>\n\t\t<\/section>\n\t\t\t\t<section class=\"elementor-section elementor-top-section elementor-element elementor-element-4485b2e7 elementor-section-boxed elementor-section-height-default elementor-section-height-default\" data-id=\"4485b2e7\" data-element_type=\"section\" data-e-type=\"section\">\n\t\t\t\t\t\t<div class=\"elementor-container elementor-column-gap-default\">\n\t\t\t\t\t<div class=\"elementor-column elementor-col-100 elementor-top-column elementor-element elementor-element-1b40b1d0\" data-id=\"1b40b1d0\" data-element_type=\"column\" data-e-type=\"column\">\n\t\t\t<div class=\"elementor-widget-wrap elementor-element-populated\">\n\t\t\t\t\t\t<div class=\"elementor-element elementor-element-3eab6aa4 elementor-widget elementor-widget-heading\" data-id=\"3eab6aa4\" data-element_type=\"widget\" data-e-type=\"widget\" data-widget_type=\"heading.default\">\n\t\t\t\t<div class=\"elementor-widget-container\">\n\t\t\t\t\t<h1 class=\"elementor-heading-title elementor-size-default\">Hardware Entwicklung<\/h1>\t\t\t\t<\/div>\n\t\t\t\t<\/div>\n\t\t\t\t\t<\/div>\n\t\t<\/div>\n\t\t\t\t\t<\/div>\n\t\t<\/section>\n\t\t\t\t<section class=\"elementor-section elementor-top-section elementor-element elementor-element-500de27 elementor-section-boxed elementor-section-height-default elementor-section-height-default\" data-id=\"500de27\" data-element_type=\"section\" data-e-type=\"section\">\n\t\t\t\t\t\t<div class=\"elementor-container elementor-column-gap-default\">\n\t\t\t\t\t<div class=\"elementor-column elementor-col-100 elementor-top-column elementor-element elementor-element-258279a\" data-id=\"258279a\" data-element_type=\"column\" data-e-type=\"column\">\n\t\t\t<div class=\"elementor-widget-wrap elementor-element-populated\">\n\t\t\t\t\t\t<div class=\"elementor-element elementor-element-b032a5e elementor-widget elementor-widget-text-editor\" data-id=\"b032a5e\" data-element_type=\"widget\" data-e-type=\"widget\" data-widget_type=\"text-editor.default\">\n\t\t\t\t<div class=\"elementor-widget-container\">\n\t\t\t\t\t\t\t\t\t<p style=\"text-align: center;\">Entwicklung von analogen, digitalen und Mikroprozessorschaltungen v.a. im Bereich der Messtechnik.<br \/>Wir beraten, entwickeln, produzieren und pr\u00fcfen. Da wir von A bis Z beim Prozess einer Entwicklung dabei sind, k\u00f6nnen wir Kosten und Zeit durch kurze Wege sparen. Wir sind flexibel und k\u00f6nnen individuell auf Ihre Bed\u00fcrfnisse eingehen.<\/p><p style=\"text-align: center;\">Vom Pflichtenheft bis hin zum fertigen Produkt.<\/p><p style=\"text-align: center;\">Die Entwicklung beinhaltet Neuentwicklungen wie auch Redesign&#8217;s bestehender Schaltungen.\u00a0<\/p>\t\t\t\t\t\t\t\t<\/div>\n\t\t\t\t<\/div>\n\t\t\t\t\t<\/div>\n\t\t<\/div>\n\t\t\t\t\t<\/div>\n\t\t<\/section>\n\t\t\t\t<section class=\"elementor-section elementor-top-section elementor-element elementor-element-b2b6624 elementor-section-boxed elementor-section-height-default elementor-section-height-default\" data-id=\"b2b6624\" data-element_type=\"section\" data-e-type=\"section\" data-settings=\"{&quot;background_background&quot;:&quot;classic&quot;}\">\n\t\t\t\t\t\t<div class=\"elementor-container elementor-column-gap-wider\">\n\t\t\t\t\t<div class=\"elementor-column elementor-col-50 elementor-top-column elementor-element elementor-element-c6a9c3b\" data-id=\"c6a9c3b\" data-element_type=\"column\" data-e-type=\"column\">\n\t\t\t<div class=\"elementor-widget-wrap elementor-element-populated\">\n\t\t\t\t\t\t<div class=\"elementor-element elementor-element-82a8564 elementor-invisible elementor-widget elementor-widget-image\" data-id=\"82a8564\" data-element_type=\"widget\" data-e-type=\"widget\" data-settings=\"{&quot;_animation&quot;:&quot;fadeInLeft&quot;}\" data-widget_type=\"image.default\">\n\t\t\t\t<div class=\"elementor-widget-container\">\n\t\t\t\t\t\t\t\t\t\t\t\t\t\t\t<img fetchpriority=\"high\" decoding=\"async\" width=\"1024\" height=\"676\" src=\"https:\/\/spirola.ch\/SPIROLA_2019\/wp-content\/uploads\/2019\/05\/1-1-1024x676.jpg\" class=\"attachment-large size-large wp-image-34\" alt=\"s2c print\" srcset=\"https:\/\/spirola.ch\/SPIROLA_2019\/wp-content\/uploads\/2019\/05\/1-1-1024x676.jpg 1024w, https:\/\/spirola.ch\/SPIROLA_2019\/wp-content\/uploads\/2019\/05\/1-1-300x198.jpg 300w, https:\/\/spirola.ch\/SPIROLA_2019\/wp-content\/uploads\/2019\/05\/1-1-768x507.jpg 768w, https:\/\/spirola.ch\/SPIROLA_2019\/wp-content\/uploads\/2019\/05\/1-1-150x99.jpg 150w\" sizes=\"(max-width: 1024px) 100vw, 1024px\" \/>\t\t\t\t\t\t\t\t\t\t\t\t\t\t\t<\/div>\n\t\t\t\t<\/div>\n\t\t\t\t\t<\/div>\n\t\t<\/div>\n\t\t\t\t<div class=\"elementor-column elementor-col-50 elementor-top-column elementor-element elementor-element-a087fb1 elementor-invisible\" data-id=\"a087fb1\" data-element_type=\"column\" data-e-type=\"column\" data-settings=\"{&quot;animation&quot;:&quot;fadeInRight&quot;}\">\n\t\t\t<div class=\"elementor-widget-wrap elementor-element-populated\">\n\t\t\t\t\t\t<div class=\"elementor-element elementor-element-b35df4f elementor-widget elementor-widget-spacer\" data-id=\"b35df4f\" data-element_type=\"widget\" data-e-type=\"widget\" data-widget_type=\"spacer.default\">\n\t\t\t\t<div class=\"elementor-widget-container\">\n\t\t\t\t\t\t\t<div class=\"elementor-spacer\">\n\t\t\t<div class=\"elementor-spacer-inner\"><\/div>\n\t\t<\/div>\n\t\t\t\t\t\t<\/div>\n\t\t\t\t<\/div>\n\t\t\t\t<div class=\"elementor-element elementor-element-8384cf0 header-no-margin elementor-widget elementor-widget-heading\" data-id=\"8384cf0\" data-element_type=\"widget\" data-e-type=\"widget\" data-widget_type=\"heading.default\">\n\t\t\t\t<div class=\"elementor-widget-container\">\n\t\t\t\t\t<h2 class=\"elementor-heading-title elementor-size-default\">PCBDESIGN<\/h2>\t\t\t\t<\/div>\n\t\t\t\t<\/div>\n\t\t\t\t<div class=\"elementor-element elementor-element-1f50305 elementor-widget elementor-widget-heading\" data-id=\"1f50305\" data-element_type=\"widget\" data-e-type=\"widget\" data-widget_type=\"heading.default\">\n\t\t\t\t<div class=\"elementor-widget-container\">\n\t\t\t\t\t<h3 class=\"elementor-heading-title elementor-size-default\">Leiterplatten Layout<\/h3>\t\t\t\t<\/div>\n\t\t\t\t<\/div>\n\t\t\t\t<div class=\"elementor-element elementor-element-2e84b50 elementor-widget elementor-widget-text-editor\" data-id=\"2e84b50\" data-element_type=\"widget\" data-e-type=\"widget\" data-widget_type=\"text-editor.default\">\n\t\t\t\t<div class=\"elementor-widget-container\">\n\t\t\t\t\t\t\t\t\t<p>Wir entwickeln Leiterplatten vom Schaltplan bis zur fertigen Platte. Unsere St\u00e4rke liegt im Bereich der Messtechnik. Wir wissen, worauf es ankommt um m\u00f6glichst pr\u00e4zise Messwerte zu erreichen. Wir ber\u00fccksichtigen EMV-Anforderungen und Zertifizierungen.<\/p>\t\t\t\t\t\t\t\t<\/div>\n\t\t\t\t<\/div>\n\t\t\t\t<div class=\"elementor-element elementor-element-ff06f48 elementor-widget elementor-widget-text-editor\" data-id=\"ff06f48\" data-element_type=\"widget\" data-e-type=\"widget\" data-widget_type=\"text-editor.default\">\n\t\t\t\t<div class=\"elementor-widget-container\">\n\t\t\t\t\t\t\t\t\t<p>Montagevarianten: TroughHole, Surface Mount, Fine Pitch, Ball Grid Array, QFN<\/p><p>PCB: Mehrschichtplatten, Feinstleiter, flexibel, rigid-flex<\/p>\t\t\t\t\t\t\t\t<\/div>\n\t\t\t\t<\/div>\n\t\t\t\t<div class=\"elementor-element elementor-element-dee2bd7 elementor-widget elementor-widget-image\" data-id=\"dee2bd7\" data-element_type=\"widget\" data-e-type=\"widget\" data-widget_type=\"image.default\">\n\t\t\t\t<div class=\"elementor-widget-container\">\n\t\t\t\t\t\t\t\t\t\t\t\t\t\t\t<img decoding=\"async\" width=\"275\" height=\"136\" src=\"https:\/\/spirola.ch\/SPIROLA_2019\/wp-content\/uploads\/2020\/09\/altium.svg\" class=\"attachment-thumbnail size-thumbnail wp-image-1463\" alt=\"altium\" \/>\t\t\t\t\t\t\t\t\t\t\t\t\t\t\t<\/div>\n\t\t\t\t<\/div>\n\t\t\t\t<div class=\"elementor-element elementor-element-298d125 elementor-widget elementor-widget-spacer\" data-id=\"298d125\" data-element_type=\"widget\" data-e-type=\"widget\" data-widget_type=\"spacer.default\">\n\t\t\t\t<div class=\"elementor-widget-container\">\n\t\t\t\t\t\t\t<div class=\"elementor-spacer\">\n\t\t\t<div class=\"elementor-spacer-inner\"><\/div>\n\t\t<\/div>\n\t\t\t\t\t\t<\/div>\n\t\t\t\t<\/div>\n\t\t\t\t\t<\/div>\n\t\t<\/div>\n\t\t\t\t\t<\/div>\n\t\t<\/section>\n\t\t\t\t<section class=\"elementor-section elementor-top-section elementor-element elementor-element-e2df77e elementor-section-full_width elementor-section-content-top elementor-section-height-default elementor-section-height-default\" data-id=\"e2df77e\" data-element_type=\"section\" data-e-type=\"section\" data-settings=\"{&quot;background_background&quot;:&quot;classic&quot;}\">\n\t\t\t\t\t\t<div class=\"elementor-container elementor-column-gap-no\">\n\t\t\t\t\t<div class=\"elementor-column elementor-col-50 elementor-top-column elementor-element elementor-element-aee682d elementor-invisible\" data-id=\"aee682d\" data-element_type=\"column\" data-e-type=\"column\" data-settings=\"{&quot;animation&quot;:&quot;fadeInLeft&quot;}\">\n\t\t\t<div class=\"elementor-widget-wrap elementor-element-populated\">\n\t\t\t\t\t\t<div class=\"elementor-element elementor-element-f19543a header-no-margin elementor-widget elementor-widget-heading\" data-id=\"f19543a\" data-element_type=\"widget\" data-e-type=\"widget\" data-widget_type=\"heading.default\">\n\t\t\t\t<div class=\"elementor-widget-container\">\n\t\t\t\t\t<h2 class=\"elementor-heading-title elementor-size-default\">PROJEKTBEISPIEL<\/h2>\t\t\t\t<\/div>\n\t\t\t\t<\/div>\n\t\t\t\t<div class=\"elementor-element elementor-element-95451b4 elementor-widget elementor-widget-heading\" data-id=\"95451b4\" data-element_type=\"widget\" data-e-type=\"widget\" data-widget_type=\"heading.default\">\n\t\t\t\t<div class=\"elementor-widget-container\">\n\t\t\t\t\t<h3 class=\"elementor-heading-title elementor-size-default\">FPGA Print<\/h3>\t\t\t\t<\/div>\n\t\t\t\t<\/div>\n\t\t\t\t<div class=\"elementor-element elementor-element-89c9d6d elementor-widget elementor-widget-text-editor\" data-id=\"89c9d6d\" data-element_type=\"widget\" data-e-type=\"widget\" data-widget_type=\"text-editor.default\">\n\t\t\t\t<div class=\"elementor-widget-container\">\n\t\t\t\t\t\t\t\t\t<div class=\"elementor-element elementor-element-a75f1a1 elementor-widget elementor-widget-text-editor\" data-id=\"a75f1a1\" data-element_type=\"widget\" data-widget_type=\"text-editor.default\"><div class=\"elementor-widget-container\"><div class=\"elementor-text-editor elementor-clearfix\"><p><strong><span class=\"xr_s16\"><span class=\"xr_tl\"><span class=\"xr_s17\">Aufgabenstellung<\/span><\/span><\/span><\/strong><\/p><p><span class=\"xr_s16\"><span class=\"xr_tl\">F\u00fcr ein Pr\u00fcfsystem soll eine FPGA-Leiterplatte entwickelt &amp; best\u00fcckt werden. <\/span><span class=\"xr_tl\">Diese Leiterplatte soll Schaltungen simulieren, welche sp\u00e4ter in einem Asic <\/span><span class=\"xr_tl\">realisiert werden. Vom Kunden werden die Schema-Teile zur Verf\u00fcgung gestellt.<\/span><\/span><\/p><p><strong><span class=\"xr_s16\"><span class=\"xr_tl\"><span class=\"xr_s17\">Aufgaben\/Umfang<\/span><\/span><span class=\"xr_tl xr_s18\"><span class=\"xr_s19\">\u00a0<\/span><\/span><\/span><\/strong><\/p><p><span class=\"xr_s16\"><span class=\"xr_tl xr_s22\"><span class=\"xr_s21\">\u2022 <\/span><\/span><span class=\"xr_tl xr_s22\">Erfassen des Schemas<\/span><\/span><\/p><p><span class=\"xr_s16\"><span class=\"xr_tl xr_s22\"><span class=\"xr_s21\">\u2022<\/span><\/span><span class=\"xr_tl xr_s22\"> Festlegen der Komponenten<\/span><\/span><\/p><p><span class=\"xr_s16\"><span class=\"xr_tl xr_s22\"><span class=\"xr_s21\">\u2022<\/span><\/span><span class=\"xr_tl xr_s22\"> Erstellen des PCB-Layouts<\/span><\/span><\/p><p><span class=\"xr_s16\"><span class=\"xr_tl xr_s22\"><span class=\"xr_s21\">\u2022<\/span><\/span><span class=\"xr_tl xr_s22\"> Koordination Materialeinkauf<\/span><\/span><\/p><p><span class=\"xr_s16\"><span class=\"xr_tl xr_s22\"><span class=\"xr_s21\">\u2022<\/span><\/span><span class=\"xr_tl xr_s22\"> Fertigung der Null-Serie bei unserer Partnerfirma<\/span><\/span><\/p><p><span class=\"xr_s16\"><span class=\"xr_tl\"><span class=\"xr_s21\">\u2022 <\/span><\/span><span class=\"xr_tl\">Grobe Inbetriebnahme und Funktionskontrolle der Leiterplatte<\/span><\/span><\/p><p><strong><span class=\"xr_s16\"><span class=\"xr_tl\"><span class=\"xr_s17\">Eingesetzte Technologien\/Tools<\/span><\/span><span class=\"xr_tl xr_s18\"><span class=\"xr_s19\">\u00a0<\/span><\/span><\/span><\/strong><\/p><p><span class=\"xr_s16\"><span class=\"xr_tl xr_s22\"><span class=\"xr_s21\">\u2022<\/span><\/span><span class=\"xr_tl xr_s22\"> Altium Designer<\/span><\/span><\/p><p><span class=\"xr_s16\"><span class=\"xr_tl xr_s22\"><span class=\"xr_s21\">\u2022 <\/span><\/span><span class=\"xr_tl xr_s22\">8 Lagenprint, Blind Vias, Feinstleitertechnik<\/span><\/span><\/p><p><span class=\"xr_s16\"><span class=\"xr_tl\"><span class=\"xr_s21\">\u2022<\/span><\/span><span class=\"xr_tl\"> USB 3.0<\/span><\/span><\/p><\/div><\/div><\/div>\t\t\t\t\t\t\t\t<\/div>\n\t\t\t\t<\/div>\n\t\t\t\t<div class=\"elementor-element elementor-element-b1b2d24 elementor-widget elementor-widget-spacer\" data-id=\"b1b2d24\" data-element_type=\"widget\" data-e-type=\"widget\" data-widget_type=\"spacer.default\">\n\t\t\t\t<div class=\"elementor-widget-container\">\n\t\t\t\t\t\t\t<div class=\"elementor-spacer\">\n\t\t\t<div class=\"elementor-spacer-inner\"><\/div>\n\t\t<\/div>\n\t\t\t\t\t\t<\/div>\n\t\t\t\t<\/div>\n\t\t\t\t\t<\/div>\n\t\t<\/div>\n\t\t\t\t<div class=\"elementor-column elementor-col-50 elementor-top-column elementor-element elementor-element-da6aa31 elementor-invisible\" data-id=\"da6aa31\" data-element_type=\"column\" data-e-type=\"column\" data-settings=\"{&quot;animation&quot;:&quot;fadeInRight&quot;,&quot;background_background&quot;:&quot;slideshow&quot;,&quot;background_slideshow_transition_duration&quot;:2500,&quot;background_slideshow_gallery&quot;:[],&quot;background_slideshow_loop&quot;:&quot;yes&quot;,&quot;background_slideshow_slide_duration&quot;:5000,&quot;background_slideshow_slide_transition&quot;:&quot;fade&quot;}\">\n\t\t\t<div class=\"elementor-widget-wrap elementor-element-populated\">\n\t\t\t\t\t\t<div class=\"elementor-element elementor-element-2b5e393 elementor-arrows-position-inside elementor-pagination-position-outside elementor-widget elementor-widget-image-carousel\" data-id=\"2b5e393\" data-element_type=\"widget\" data-e-type=\"widget\" data-settings=\"{&quot;slides_to_show&quot;:&quot;1&quot;,&quot;effect&quot;:&quot;fade&quot;,&quot;autoplay_speed&quot;:7000,&quot;speed&quot;:1000,&quot;navigation&quot;:&quot;both&quot;,&quot;autoplay&quot;:&quot;yes&quot;,&quot;pause_on_hover&quot;:&quot;yes&quot;,&quot;pause_on_interaction&quot;:&quot;yes&quot;,&quot;infinite&quot;:&quot;yes&quot;}\" data-widget_type=\"image-carousel.default\">\n\t\t\t\t<div class=\"elementor-widget-container\">\n\t\t\t\t\t\t\t<div class=\"elementor-image-carousel-wrapper swiper\" role=\"region\" aria-roledescription=\"carousel\" aria-label=\"Bild Karussell\" dir=\"ltr\">\n\t\t\t<div class=\"elementor-image-carousel swiper-wrapper swiper-image-stretch\" aria-live=\"off\">\n\t\t\t\t\t\t\t\t<div class=\"swiper-slide\" role=\"group\" aria-roledescription=\"slide\" aria-label=\"1 von 4\"><figure class=\"swiper-slide-inner\"><img decoding=\"async\" class=\"swiper-slide-image\" src=\"https:\/\/spirola.ch\/SPIROLA_2019\/wp-content\/uploads\/2019\/09\/altium-e1603348121494.png\" alt=\"print design\" \/><\/figure><\/div><div class=\"swiper-slide\" role=\"group\" aria-roledescription=\"slide\" aria-label=\"2 von 4\"><figure class=\"swiper-slide-inner\"><img decoding=\"async\" class=\"swiper-slide-image\" src=\"https:\/\/spirola.ch\/SPIROLA_2019\/wp-content\/uploads\/2020\/10\/fpga_03-e1603348406626.jpg\" alt=\"Printplatte\" \/><\/figure><\/div><div class=\"swiper-slide\" role=\"group\" aria-roledescription=\"slide\" aria-label=\"3 von 4\"><figure class=\"swiper-slide-inner\"><img decoding=\"async\" class=\"swiper-slide-image\" src=\"https:\/\/spirola.ch\/SPIROLA_2019\/wp-content\/uploads\/2020\/10\/fpga_01-e1603348423685.jpg\" alt=\"Printplatte\" \/><\/figure><\/div><div class=\"swiper-slide\" role=\"group\" aria-roledescription=\"slide\" aria-label=\"4 von 4\"><figure class=\"swiper-slide-inner\"><img decoding=\"async\" class=\"swiper-slide-image\" src=\"https:\/\/spirola.ch\/SPIROLA_2019\/wp-content\/uploads\/2020\/10\/huckepack_01-e1603373000513.jpg\" alt=\"Huckepack\" \/><\/figure><\/div>\t\t\t<\/div>\n\t\t\t\t\t\t\t\t\t\t\t\t<div class=\"elementor-swiper-button elementor-swiper-button-prev\" role=\"button\" tabindex=\"0\">\n\t\t\t\t\t\t<i aria-hidden=\"true\" class=\"eicon-chevron-left\"><\/i>\t\t\t\t\t<\/div>\n\t\t\t\t\t<div class=\"elementor-swiper-button elementor-swiper-button-next\" role=\"button\" tabindex=\"0\">\n\t\t\t\t\t\t<i aria-hidden=\"true\" class=\"eicon-chevron-right\"><\/i>\t\t\t\t\t<\/div>\n\t\t\t\t\n\t\t\t\t\t\t\t\t\t<div class=\"swiper-pagination\"><\/div>\n\t\t\t\t\t\t\t\t\t<\/div>\n\t\t\t\t\t\t<\/div>\n\t\t\t\t<\/div>\n\t\t\t\t\t<\/div>\n\t\t<\/div>\n\t\t\t\t\t<\/div>\n\t\t<\/section>\n\t\t\t\t<\/div>\n\t\t","protected":false},"excerpt":{"rendered":"<p>Hardware Entwicklung Entwicklung von analogen, digitalen und Mikroprozessorschaltungen v.a. im Bereich der Messtechnik.Wir beraten, entwickeln, produzieren und pr\u00fcfen. Da wir von A bis Z beim Prozess einer Entwicklung dabei sind, k\u00f6nnen wir Kosten und Zeit durch kurze Wege sparen. Wir sind flexibel und k\u00f6nnen individuell auf Ihre Bed\u00fcrfnisse eingehen. Vom Pflichtenheft bis hin zum fertigen [&hellip;]<\/p>\n","protected":false},"author":1,"featured_media":0,"parent":95,"menu_order":2,"comment_status":"closed","ping_status":"closed","template":"","meta":{"footnotes":""},"class_list":["post-283","page","type-page","status-publish","hentry"],"blocksy_meta":[],"aioseo_notices":[],"_links":{"self":[{"href":"https:\/\/spirola.ch\/SPIROLA_2019\/wp-json\/wp\/v2\/pages\/283","targetHints":{"allow":["GET"]}}],"collection":[{"href":"https:\/\/spirola.ch\/SPIROLA_2019\/wp-json\/wp\/v2\/pages"}],"about":[{"href":"https:\/\/spirola.ch\/SPIROLA_2019\/wp-json\/wp\/v2\/types\/page"}],"author":[{"embeddable":true,"href":"https:\/\/spirola.ch\/SPIROLA_2019\/wp-json\/wp\/v2\/users\/1"}],"replies":[{"embeddable":true,"href":"https:\/\/spirola.ch\/SPIROLA_2019\/wp-json\/wp\/v2\/comments?post=283"}],"version-history":[{"count":0,"href":"https:\/\/spirola.ch\/SPIROLA_2019\/wp-json\/wp\/v2\/pages\/283\/revisions"}],"up":[{"embeddable":true,"href":"https:\/\/spirola.ch\/SPIROLA_2019\/wp-json\/wp\/v2\/pages\/95"}],"wp:attachment":[{"href":"https:\/\/spirola.ch\/SPIROLA_2019\/wp-json\/wp\/v2\/media?parent=283"}],"curies":[{"name":"wp","href":"https:\/\/api.w.org\/{rel}","templated":true}]}}