{"id":304,"date":"2019-06-26T18:47:37","date_gmt":"2019-06-26T18:47:37","guid":{"rendered":"https:\/\/spirola.ch\/SPIROLA_2019\/?page_id=304"},"modified":"2025-05-23T09:26:08","modified_gmt":"2025-05-23T08:26:08","slug":"ueber-spirola","status":"publish","type":"page","link":"https:\/\/spirola.ch\/SPIROLA_2019\/spirola\/ueber-spirola\/","title":{"rendered":"\u00dcber SPIROLA Elektronik"},"content":{"rendered":"\t\t<div data-elementor-type=\"wp-page\" data-elementor-id=\"304\" class=\"elementor elementor-304\" data-elementor-post-type=\"page\">\n\t\t\t\t\t\t<section class=\"elementor-section elementor-top-section elementor-element elementor-element-2ad02679 header_background elementor-section-boxed elementor-section-height-default elementor-section-height-default\" data-id=\"2ad02679\" data-element_type=\"section\" data-e-type=\"section\" data-settings=\"{&quot;background_background&quot;:&quot;classic&quot;}\">\n\t\t\t\t\t\t<div class=\"elementor-container elementor-column-gap-default\">\n\t\t\t\t\t<div class=\"elementor-column elementor-col-100 elementor-top-column elementor-element elementor-element-307d7fb3\" data-id=\"307d7fb3\" data-element_type=\"column\" data-e-type=\"column\">\n\t\t\t<div class=\"elementor-widget-wrap elementor-element-populated\">\n\t\t\t\t\t\t<div class=\"elementor-element elementor-element-6a381cce header_height elementor-widget elementor-widget-spacer\" data-id=\"6a381cce\" data-element_type=\"widget\" data-e-type=\"widget\" data-widget_type=\"spacer.default\">\n\t\t\t\t<div class=\"elementor-widget-container\">\n\t\t\t\t\t\t\t<div class=\"elementor-spacer\">\n\t\t\t<div class=\"elementor-spacer-inner\"><\/div>\n\t\t<\/div>\n\t\t\t\t\t\t<\/div>\n\t\t\t\t<\/div>\n\t\t\t\t\t<\/div>\n\t\t<\/div>\n\t\t\t\t\t<\/div>\n\t\t<\/section>\n\t\t\t\t<section class=\"elementor-section elementor-top-section elementor-element elementor-element-352ec549 elementor-section-boxed elementor-section-height-default elementor-section-height-default\" data-id=\"352ec549\" data-element_type=\"section\" data-e-type=\"section\">\n\t\t\t\t\t\t<div class=\"elementor-container elementor-column-gap-default\">\n\t\t\t\t\t<div class=\"elementor-column elementor-col-100 elementor-top-column elementor-element elementor-element-154b8b0f\" data-id=\"154b8b0f\" data-element_type=\"column\" data-e-type=\"column\">\n\t\t\t<div class=\"elementor-widget-wrap elementor-element-populated\">\n\t\t\t\t\t\t<div class=\"elementor-element elementor-element-3c721d3f elementor-widget elementor-widget-heading\" data-id=\"3c721d3f\" data-element_type=\"widget\" data-e-type=\"widget\" data-widget_type=\"heading.default\">\n\t\t\t\t<div class=\"elementor-widget-container\">\n\t\t\t\t\t<h1 class=\"elementor-heading-title elementor-size-default\">Werdegang der SPIROLA Elektronik GmbH<\/h1>\t\t\t\t<\/div>\n\t\t\t\t<\/div>\n\t\t\t\t\t<\/div>\n\t\t<\/div>\n\t\t\t\t\t<\/div>\n\t\t<\/section>\n\t\t\t\t<section class=\"elementor-section elementor-top-section elementor-element elementor-element-b10eebf elementor-section-boxed elementor-section-height-default elementor-section-height-default\" data-id=\"b10eebf\" data-element_type=\"section\" data-e-type=\"section\">\n\t\t\t\t\t\t<div class=\"elementor-container elementor-column-gap-default\">\n\t\t\t\t\t<div class=\"elementor-column elementor-col-50 elementor-top-column elementor-element elementor-element-52cb9b7\" data-id=\"52cb9b7\" data-element_type=\"column\" data-e-type=\"column\">\n\t\t\t<div class=\"elementor-widget-wrap elementor-element-populated\">\n\t\t\t\t\t\t<div class=\"elementor-element elementor-element-13fe15d elementor-widget elementor-widget-text-editor\" data-id=\"13fe15d\" data-element_type=\"widget\" data-e-type=\"widget\" data-widget_type=\"text-editor.default\">\n\t\t\t\t<div class=\"elementor-widget-container\">\n\t\t\t\t\t\t\t\t\t<p>SPIROLA Elektronik GmbH wurde Anfangs 2000 als Elektronik- und Software-Engineering Unternehmen durch Roland und Irene Spielmann gegr\u00fcndet. Gestartet zu zweit, ist die Firma mit der Zeit zunehmend durch kompetente Mitarbeiter gewachsen.<\/p><p>Wir entwickeln seit \u00fcber 25 Jahren ma\u00dfgeschneiderte und innovative Software- und Hardware L\u00f6sungen im industriellen Umfeld.<\/p><p>Seit 2021 entwickelt und vertreibt die SPIROLA Elektronik GmbH Laserberschriftungsanlagen.<\/p><p>SPIROLA Elektronik \u00fcberzeugt durch eine unkomplizierte und partnerschaftliche Zusammenarbeit mit einer ganz pers\u00f6nlichen Note.\u00a0 Durch Kompetenz, Vielseitigkeit und Flexibilit\u00e4t suchen wir zielgerichtet L\u00f6sungen f\u00fcr Ihre Anforderungen und W\u00fcnsche.<\/p>\t\t\t\t\t\t\t\t<\/div>\n\t\t\t\t<\/div>\n\t\t\t\t\t<\/div>\n\t\t<\/div>\n\t\t\t\t<div class=\"elementor-column elementor-col-50 elementor-top-column elementor-element elementor-element-c37a267\" data-id=\"c37a267\" data-element_type=\"column\" data-e-type=\"column\">\n\t\t\t<div class=\"elementor-widget-wrap elementor-element-populated\">\n\t\t\t\t\t\t<div class=\"elementor-element elementor-element-a2723bf elementor-widget elementor-widget-image\" data-id=\"a2723bf\" data-element_type=\"widget\" data-e-type=\"widget\" data-widget_type=\"image.default\">\n\t\t\t\t<div class=\"elementor-widget-container\">\n\t\t\t\t\t\t\t\t\t\t\t\t\t\t\t<img fetchpriority=\"high\" decoding=\"async\" width=\"4032\" height=\"3024\" src=\"https:\/\/spirola.ch\/SPIROLA_2019\/wp-content\/uploads\/2019\/06\/20190228_073233.jpg\" class=\"attachment-full size-full wp-image-177\" alt=\"pf\u00e4ffikersee\" srcset=\"https:\/\/spirola.ch\/SPIROLA_2019\/wp-content\/uploads\/2019\/06\/20190228_073233.jpg 4032w, https:\/\/spirola.ch\/SPIROLA_2019\/wp-content\/uploads\/2019\/06\/20190228_073233-300x225.jpg 300w, https:\/\/spirola.ch\/SPIROLA_2019\/wp-content\/uploads\/2019\/06\/20190228_073233-768x576.jpg 768w, https:\/\/spirola.ch\/SPIROLA_2019\/wp-content\/uploads\/2019\/06\/20190228_073233-1024x768.jpg 1024w\" sizes=\"(max-width: 4032px) 100vw, 4032px\" \/>\t\t\t\t\t\t\t\t\t\t\t\t\t\t\t<\/div>\n\t\t\t\t<\/div>\n\t\t\t\t\t<\/div>\n\t\t<\/div>\n\t\t\t\t\t<\/div>\n\t\t<\/section>\n\t\t\t\t<section class=\"elementor-section elementor-top-section elementor-element elementor-element-0ec26a5 elementor-section-boxed elementor-section-height-default elementor-section-height-default\" data-id=\"0ec26a5\" data-element_type=\"section\" data-e-type=\"section\">\n\t\t\t\t\t\t<div class=\"elementor-container elementor-column-gap-default\">\n\t\t\t\t\t<div class=\"elementor-column elementor-col-100 elementor-top-column elementor-element elementor-element-b5a2f16\" data-id=\"b5a2f16\" data-element_type=\"column\" data-e-type=\"column\">\n\t\t\t<div class=\"elementor-widget-wrap elementor-element-populated\">\n\t\t\t\t\t\t<div class=\"elementor-element elementor-element-db8456c elementor-widget elementor-widget-spacer\" data-id=\"db8456c\" data-element_type=\"widget\" data-e-type=\"widget\" data-widget_type=\"spacer.default\">\n\t\t\t\t<div class=\"elementor-widget-container\">\n\t\t\t\t\t\t\t<div class=\"elementor-spacer\">\n\t\t\t<div class=\"elementor-spacer-inner\"><\/div>\n\t\t<\/div>\n\t\t\t\t\t\t<\/div>\n\t\t\t\t<\/div>\n\t\t\t\t\t<\/div>\n\t\t<\/div>\n\t\t\t\t\t<\/div>\n\t\t<\/section>\n\t\t\t\t<\/div>\n\t\t","protected":false},"excerpt":{"rendered":"<p>Werdegang der SPIROLA Elektronik GmbH SPIROLA Elektronik GmbH wurde Anfangs 2000 als Elektronik- und Software-Engineering Unternehmen durch Roland und Irene Spielmann gegr\u00fcndet. Gestartet zu zweit, ist die Firma mit der Zeit zunehmend durch kompetente Mitarbeiter gewachsen. Wir entwickeln seit \u00fcber 25 Jahren ma\u00dfgeschneiderte und innovative Software- und Hardware L\u00f6sungen im industriellen Umfeld. Seit 2021 entwickelt [&hellip;]<\/p>\n","protected":false},"author":1,"featured_media":0,"parent":307,"menu_order":1,"comment_status":"closed","ping_status":"closed","template":"","meta":{"footnotes":""},"class_list":["post-304","page","type-page","status-publish","hentry"],"blocksy_meta":[],"aioseo_notices":[],"_links":{"self":[{"href":"https:\/\/spirola.ch\/SPIROLA_2019\/wp-json\/wp\/v2\/pages\/304","targetHints":{"allow":["GET"]}}],"collection":[{"href":"https:\/\/spirola.ch\/SPIROLA_2019\/wp-json\/wp\/v2\/pages"}],"about":[{"href":"https:\/\/spirola.ch\/SPIROLA_2019\/wp-json\/wp\/v2\/types\/page"}],"author":[{"embeddable":true,"href":"https:\/\/spirola.ch\/SPIROLA_2019\/wp-json\/wp\/v2\/users\/1"}],"replies":[{"embeddable":true,"href":"https:\/\/spirola.ch\/SPIROLA_2019\/wp-json\/wp\/v2\/comments?post=304"}],"version-history":[{"count":0,"href":"https:\/\/spirola.ch\/SPIROLA_2019\/wp-json\/wp\/v2\/pages\/304\/revisions"}],"up":[{"embeddable":true,"href":"https:\/\/spirola.ch\/SPIROLA_2019\/wp-json\/wp\/v2\/pages\/307"}],"wp:attachment":[{"href":"https:\/\/spirola.ch\/SPIROLA_2019\/wp-json\/wp\/v2\/media?parent=304"}],"curies":[{"name":"wp","href":"https:\/\/api.w.org\/{rel}","templated":true}]}}